greatest common divisor of 1550 and 212040?
310
What is the greatest common factor of 4554 and 198?
198
Calculate the greatest common divisor of 342 and 67203.
171
What is the greatest common factor of 216 and 91512?
72
Calculate the highest common factor of 15120 and 2576.
112
What is the highest common factor of 20384 and 1329664?
1568
Calculate the greatest common divisor of 139316 and 116.
116
What is the greatest common factor of 777939 and 5397?
771
What is the greatest common divisor of 42198 and 78?
78
Calculate the greatest common factor of 48 and 20556.
12
Calculate the greatest common divisor of 477 and 48707.
53
What is the greatest common divisor of 116610 and 1950?
390
What is the greatest common factor of 1210 and 224576?
242
Calculate the greatest common factor of 328 and 2132.
164
What is the highest common divisor of 126624 and 64?
32
What is the greatest common factor of 43588 and 1156?
68
Calculate the highest common factor of 147376 and 3416.
488
Calculate the highest common divisor of 3 and 195423.
3
Calculate the highest common factor of 66228 and 48.
12
What is the highest common divisor of 182 and 7046?
26
Calculate the highest common divisor of 836 and 14388.
44
What is the highest common factor of 4097 and 1632?
17
What is the greatest common factor of 18537 and 11523?
501
Calculate the greatest common factor of 4954300 and 370.
370
Calculate the greatest common divisor of 583002 and 882.
882
Calculate the highest common factor of 280 and 14770.
70
What is the highest common factor of 35549 and 38?
19
Calculate the greatest common factor of 175545 and 2961.
423
What is the greatest common factor of 145600 and 3248?
112
Calculate the highest common divisor of 117294 and 452.
226
Calculate the greatest common divisor of 1780 and 38092.
356
What is the highest common factor of 345 and 5181555?
345
Calculate the highest common divisor of 5329 and 1752.
73
What is the greatest common divisor of 1011258 and 2196?
1098
Calculate the greatest common factor of 10 and 4655.
5
Calculate the greatest common divisor of 705 and 8415350.
235
Calculate the highest common divisor of 10 and 14115.
5
Calculate the greatest common divisor of 1190654 and 38.
38
What is the highest common divisor of 259125 and 5?
5
Calculate the greatest common factor of 45778 and 6818.
974
What is the highest common factor of 10 and 379200?
10
Calculate the highest common divisor of 48 and 317400.
24
Calculate the highest common factor of 5748458 and 146.
146
What is the highest common divisor of 495 and 27885?
165
What is the greatest common divisor of 462 and 49602?
42
Calculate the greatest common divisor of 26418 and 4522.
238
What is the greatest common divisor of 1003 and 90034?
59
Calculate the highest common factor of 336890 and 6490.
590
Calculate the highest common factor of 13081 and 18643.
103
What is the greatest common factor of 27016 and 198?
22
Calculate the greatest common factor of 3678 and 822.
6
What is the greatest common divisor of 3816 and 27?
9
Calculate the highest common factor of 152 and 870884.
76
Calculate the greatest common divisor of 5385 and 41070.
15
Calculate the highest common factor of 5289 and 1677.
129
Calculate the greatest common divisor of 88 and 5064.
8
What is the greatest common factor of 775 and 5900?
25
What is the greatest common factor of 252 and 780822?
126
What is the greatest common factor of 165 and 28941?
33
Calculate the highest common divisor of 1953 and 10227.
21
What is the highest common factor of 508 and 9987788?
508
What is the greatest common divisor of 4008 and 8628?
12
What is the highest common divisor of 21189 and 717?
3
What is the highest common divisor of 20176 and 3686?
194
What is the greatest common divisor of 451 and 941237?
451
Calculate the greatest common factor of 1674 and 648.
54
Calculate the greatest common divisor of 139997 and 193219.
1157
What is the greatest common divisor of 102691 and 721?
103
Calculate the greatest common divisor of 100 and 31975.
25
Calculate the highest common divisor of 129952 and 3537.
131
Calculate the greatest common divisor of 111752 and 488.
488
What is the greatest common factor of 2471 and 10943?
353
Calculate the greatest common factor of 81 and 8523.
9
What is the greatest common factor of 11401 and 39?
13
What is the greatest common factor of 151954 and 352?
22
What is the greatest common divisor of 468 and 270660?
156
Calculate the highest common factor of 24 and 37128.
24
What is the highest common factor of 154235 and 5995?
545
Calculate the highest common divisor of 7254 and 14274.
234
What is the highest common divisor of 27 and 2854791?
27
What is the highest common divisor of 6183 and 2977?
229
What is the greatest common factor of 1088 and 177920?
64
Calculate the greatest common factor of 10110 and 15630.
30
Calculate the highest common factor of 765 and 665.
5
Calculate the highest common divisor of 2666 and 18600.
62
What is the highest common factor of 1173391 and 391?
391
Calculate the greatest common factor of 2905 and 280.
35
What is the highest common factor of 693 and 82698?
231
Calculate the highest common divisor of 3392 and 7984.
16
What is the greatest common factor of 5740 and 3936?
164
What is the greatest common factor of 5809 and 13345?
157
Calculate the highest common divisor of 36 and 35736.
12
Calculate the greatest common factor of 3843 and 37820.
61
What is the greatest common factor of 647 and 599122?
647
Calculate the greatest common factor of 15171 and 39.
39
Calculate the greatest common factor of 25085 and 2768.
173
What is the highest common factor of 56143 and 184?
23
Calculate the highest common factor of 2946200 and 50.
50
What is the highest common divisor of 3358 and 27667?
73
Calculate the highest common factor of 7857 and 2231.
97
What is the greatest common divisor of 649 and 643159?
649
Calculate the highest common divisor of 41262 and 146211.
897
Calculate the highest common divisor of 114 and 10614.
6
What is the greatest common divisor of 2010 and 17018?
134
Calculate the highest common factor of 27 and 498447.
27
Calculate the highest common factor of 21097 and 292.
73
Calculate the greatest common factor of 50 and 169825.
25
Calculate the highest common divisor of 5944961 and 101.
101
What is the greatest common divisor of 70 and 2810?
10
Calculate the greatest common divisor of 22116 and 304.
76
What is the highest common factor of 13 and 101257?
13
Calculate the highest common divisor of 27 and 333369.
27
Calculate the greatest common factor of 404 and 552268.
404
What is the highest common divisor of 10 and 84230?
10
Calculate the highest common divisor of 319726 and 396.
22
What is the highest common factor of 5022 and 25048?
62
What is the greatest common divisor of 12364 and 103127?
281
What is the highest common factor of 20 and 1622640?
20
What is the highest common factor of 110 and 131505?
55
Calculate the highest common divisor of 37895 and 55913.
143
What is the highest common divisor of 24881 and 8771?
179
Calculate the highest common factor of 2250 and 113950.
50
What is the greatest common factor of 483616 and 560?
112
Calculate the highest common factor of 167840 and 40.
40
What is the highest common factor of 280 and 3164?
28
Calculate the highest common factor of 1692 and 28395.
9
Calculate the highest common factor of 1610 and 101591.
161
Calculate the highest common divisor of 28544 and 10240.
128
What is the greatest common factor of 22 and 17259?
11
Calculate the greatest common divisor of 89510 and 270.
10
Calculate the greatest common divisor of 2352 and 6000.
48
What is the highest common divisor of 13206 and 2343?
213
What is the highest common divisor of 2490604 and 4580?
916
What is the highest common factor of 247 and 460135?
13
Calculate the greatest common factor of 384585 and 15.
15
What is the greatest common divisor of 6494614 and 42?
14
What is the greatest common divisor of 68 and 27234?
34
Calculate the highest common divisor of 14406 and 539.
49
What is the greatest common factor of 216 and 588?
12
Calculate the greatest common factor of 506172 and 12.
12
Calculate the highest common factor of 6510 and 744.
186
Calculate the highest common divisor 